
23
Let j(d) = -7*d + 39. Calculate j(4).
11
Let f(x) = -x**3 + 19*x**2 + 27*x - 45. What is f(20)?
95
Let i(p) = -p**2 - 3*p + 14. Calculate i(3).
-4
Let o(g) = -2*g**2 + 3*g + 4. Calculate o(3).
-5
Let g(u) = 14*u + 15. Calculate g(-5).
-55
Let l(v) = 2*v - 3. Calculate l(0).
-3
Let x(q) = q**3 + 31*q**2 - 30*q + 49. What is x(-32)?
-15
Let u(v) = -2*v**2 + 104. Determine u(7).
6
Let a(l) = -9*l - 64. Give a(-7).
-1
Let v(x) = -x + 5. Give v(5).
0
Let z(b) = b**3 - 6*b**2 - 2*b + 8. Calculate z(6).
-4
Let f(u) = -8*u - 72. Determine f(-15).
48
Let q(t) = 21*t - 13. Determine q(1).
8
Let t(w) = 52*w - 220. Determine t(4).
-12
Let q(v) = -5*v - 83. Calculate q(-16).
-3
Let d(u) = 46*u - 9. Determine d(2).
83
Let v(y) = -y**2 - 3*y + 4. What is v(-5)?
-6
Let s(g) = -4*g**2 + 40*g - 22. Give s(9).
14
Let h(j) = -6*j. Determine h(-11).
66
Let g(t) = 7*t - 94. Determine g(11).
-17
Let z(c) = -c**2 + 8*c - 16. Determine z(4).
0
Let v(j) = -j**3 - 15*j**2 - 13*j. Give v(-14).
-14
Let j(z) = -z**3 + 2*z**2 + 10*z - 10. What is j(4)?
-2
Let c(b) = b**3 + 6*b**2 + 6*b + 2. Give c(-7).
-89
Let r(x) = -x**3 + 2*x**2 + 5*x + 4. Determine r(5).
-46
Let c(b) = b**2 - 23*b - 9. Determine c(23).
-9
Let x(g) = g**2 + 4*g - 5. What is x(2)?
7
Let m(a) = 14*a - 156. Determine m(6).
-72
Let x(y) = 152*y + 756. What is x(-5)?
-4
Let p(t) = t**3 - 36*t**2 + 68*t + 7. Calculate p(34).
7
Let n(j) = -j**2 + 11*j - 13. Give n(10).
-3
Let f(l) = -l + 19. What is f(15)?
4
Let w(y) = -y**2 + 12*y + 11. Calculate w(12).
11
Let z(j) = -7*j + 63. Determine z(6).
21
Let s(p) = -p + 18. What is s(20)?
-2
Let g(w) = 2*w**3 + 24*w**2 - w + 1. Calculate g(-12).
13
Let q(y) = -y**3 - 2*y**2 + 9*y + 2. Calculate q(-4).
-2
Let c(a) = -3*a**2 - 25*a + 16. Calculate c(-9).
-2
Let v(x) = -2*x**2 + 44*x - 39. Calculate v(21).
3
Let m(u) = -u + 22. What is m(17)?
5
Let p(h) = 4*h**2 + 5*h + 1. Calculate p(-4).
45
Let t(n) = 3*n + 35. Give t(-11).
2
Let z(u) = 12*u - 109. Determine z(11).
23
Let h(z) = 35*z + 350. Give h(-10).
0
Let d(a) = a**3 + 4*a**2 - 7*a - 2. What is d(-5)?
8
Let s(r) = -r**2 - 39*r + 83. Calculate s(-41).
1
Let c(x) = -28*x**3 + x - 1. Calculate c(1).
-28
Let d(k) = -k**2 + 11*k - 4. Determine d(9).
14
Let f(w) = -11*w. Give f(-4).
44
Let b(w) = 88*w - 13. Give b(-1).
-101
Let h(b) = b**3 - 6*b**2 - 5*b - 9. Calculate h(7).
5
Let l(m) = -m**2 - 13*m + 34. Give l(-16).
-14
Let p(a) = -a**3 + 4*a**2 + 9*a + 4. Calculate p(-2).
10
Let u(w) = -8*w - 76. Give u(-10).
4
Let y(h) = -h**3 + 5*h**2 + 18*h - 30. Calculate y(7).
-2
Let b(m) = m**2 + 22*m - 24. Calculate b(-23).
-1
Let v(l) = 3*l - 3. Give v(4).
9
Let d(k) = 25*k + 203. What is d(-8)?
3
Let t(h) = h - 3. Give t(9).
6
Let x(b) = -3*b**3 - 2*b**2 + b - 3. Calculate x(2).
-33
Let t(b) = b**3 + 7*b**2 - 6*b - 10. Give t(-8).
-26
Let n(l) = -15*l - 414. What is n(-28)?
6
Let z(c) = c**3 - 3*c**2 + 2*c - 3. Give z(2).
-3
Let h(a) = -3*a**2 + 41*a + 7. Determine h(14).
-7
Let l(b) = 5*b + 3. Determine l(-5).
-22
Let o(v) = -3*v**2 - 5*v + 5. Calculate o(-3).
-7
Let c(q) = q - 14. Determine c(7).
-7
Let x(v) = -v**2 + 6*v + 5. Give x(6).
5
Let l(n) = -n - 4. Calculate l(5).
-9
Let o(g) = -g**3 + 5*g**2 + g + 1. Determine o(5).
6
Let b(d) = -d**2 - d + 54. Determine b(0).
54
Let k(p) = 4*p - 49. What is k(7)?
-21
Let v(f) = -2*f - 11. What is v(-12)?
13
Let i(r) = 10*r - 11. What is i(9)?
79
Let f(q) = -q**2 - 12*q - 2. What is f(-10)?
18
Let i(m) = m**3 - 12*m**2 - 3*m + 11. Determine i(12).
-25
Let n(b) = 18*b + 239. Calculate n(-13).
5
Let d(y) = 6*y**3 + y**2 + y. What is d(-1)?
-6
Let s(f) = f**3 + 15*f**2 - 15*f + 2. What is s(-16)?
-14
Let l(s) = -7*s - 5. Give l(-3).
16
Let t(z) = z**3 + 9*z**2 + 6*z + 44. Determine t(-9).
-10
Let k(t) = 2*t + 10. Give k(-7).
-4
Let z(y) = 111*y. Determine z(-1).
-111
Let h(g) = -g**3 - 8*g**2 - 8*g - 10. Give h(-7).
-3
Let w(i) = i**3 - 7*i**2 - 5*i - 6. Give w(9).
111
Let x(h) = -h**2 - 9*h - 18. Determine x(-4).
2
Let f(r) = r**3 - 5*r**2 + 2*r - 10. Give f(6).
38
Let k(w) = -w - 5. Calculate k(-6).
1
Let v(t) = 13*t + 11. What is v(0)?
11
Let a(x) = 3*x**2 - 3*x + 1. Give a(2).
7
Let s(w) = 7*w - 4. Determine s(0).
-4
Let w(u) = -u**3 + 6*u**2 - 4*u + 1. Give w(3).
16
Let u(x) = 18*x - 5. Determine u(-2).
-41
Let j(c) = -c**3 + 30*c**2 - 24*c - 138. Determine j(29).
7
Let u(x) = -13*x**2 + 1. Determine u(-1).
-12
Let k(c) = 8*c + 29. Give k(-4).
-3
Let w(h) = -h**2 - 14*h + 4. Calculate w(4).
-68
Let l(x) = x**2 + 10*x + 11. Give l(-8).
-5
Let g(k) = k**3 + 11*k**2 + 4*k + 10. Give g(-11).
-34
Let d(t) = t**3 - 13*t**2 - 16*t + 17. Give d(14).
-11
Let y(l) = 2*l**2 - 3*l + 6. Determine y(4).
26
Let i(k) = 4*k**2 - 9*k + 8. Determine i(6).
98
Let s(z) = z - 2. Give s(2).
0
Let k(n) = n**2 + 9*n + 1. Determine k(-7).
-13
Let b(n) = n**2 - 50*n + 364. What is b(9)?
-5
Let z(s) = 15*s + 5. Give z(-4).
-55
Let y(k) = -231*k + 1611. Calculate y(7).
-6
Let x(g) = -10*g - 11. Determine x(3).
-41
Let l(m) = -m**3 + 7*m**2 + 9*m - 9. Give l(8).
-1
Let p(v) = v**3 - 7*v**2 + 5*v + 2. What is p(7)?
37
Let y(m) = m**2 - 12*m + 13. Give y(11).
2
Let g(l) = 14*l + 129. What is g(-10)?
-11
Let n(d) = -9*d + 25. Determine n(7).
-38
Let v(d) = d**2 + 8*d - 31. Give v(-11).
2
Let q(x) = -3*x**2 + 31*x + 10. What is q(11)?
-12
Let y(x) = 23*x + 767. Calculate y(-33).
8
Let f(k) = -k**2 + 4*k - 8. Give f(3).
-5
Let y(z) = -2*z**2 - 3*z + 2. What is y(-3)?
-7
Let k(y) = -y + 2. Determine k(2).
0
Let d(l) = 7*l**3 + 2*l**2. Give d(2).
64
Let m(o) = -3*o - 31. Give m(-13).
8
Let r(a) = a**3 - 3*a**2 + 3*a - 1. What is r(4)?
27
Let t(c) = -c**3 + 17*c**2 - 28*c - 10. Give t(15).
20
Let b(s) = -2*s**3 - s**2 + s + 1. Determine b(1).
-1
Let y(j) = j**2 - 5*j + 3. Give y(5).
3
Let k(r) = r + 12. What is k(-6)?
6
Let n(h) = -h**2 + 7*h - 8. Calculate n(5).
2
Let x(l) = 3*l**2 + 4*l + 3. Determine x(-3).
18
Let v(t) = -t**3 + 16*t**2 - 11*t + 160. Determine v(16).
-16
Let f(h) = 5*h**2 + 37*h + 14. Calculate f(-7).
0
Let g(i) = i**3 + 6*i**2 - 8*i - 9. What is g(-7)?
-2
Let u(d) = -d**3 - 6*d**2 - 4*d - 10. Give u(-7).
67
Let n(q) = -2*q**2 - 6*q + 12. Calculate n(-5).
-8
Let i(h) = -5*h**3 - h**2 - 2*h - 1. Calculate i(-1).
5
Let u(w) = -w**2 + 43. Give u(6).
7
Let b(f) = -96*f - 2. Give b(0).
-2
Let f(n) = -n + 3. Give f(-4).
7
Let q(j) = -j**3 + 10*j**2 - 7*j - 5. Calculate q(8).
67
Let h(q) = -16*q - 190. Give h(-12).
2
Let v(f) = f + 36. Calculate v(0).
36
Let p(f) = f + 7. What is p(-5)?
2
Let y(g) = -g**2 - 10*g + 11. Determine y(-9).
20
Let i(y) = -2*y**3 + 3*y**2 + 3*y + 4. Calculate i(-2).
26
Let g(h) = -h**3 + 4*h**2 + 12*h + 6. Calculate g(6).
6
Let y(b) = -b**2 + 4*b - 3. Give y(3).
0
Let x(z) = -z**3 + 14*z**2 - 24*z + 6. Give x(12).
6
Let z(v) = -v + 12. Calculate z(7).
5
Let t(x) = -132*x - 650. Give t(-5).
10
Let g(i) = -i**3 - 10*i**2 - 20*i - 30. Determine g(-8).
2
Let y(w) = w**2 - 5*w - 3. Determine y(6).
3
Let f(z) = -17*z + 42. Calculate f(3).
-9
Let h(l) = -l**2 + 5*l - 3. What is h(5)?
-3
Let o(i) = 2*i**2 - 21*i. Give o(10).
-10
Let n(u) = 3*u - 34. Calculate n(9).
-7
Let c(i) = -i**3 + 14*i**2 - 14*i + 2. Calculate c(13).
-11
Let h(v) = -v**2 + 5*v + 18. Give h(6).
12
Let h(m) = -10*m**2 + 3*m - 3. Calculate h(2).
-37
Let i(f) = -f**2 + 16*f - 70. What is i(11)?
-15
Let l(w) = -w - 16. Calculate l(-4).
-12
Let c(s) = 10*s + 290. Determine c(-29).
0
Let i(s) = s**2 - 2*s - 6. Determine i(11).
93
Let m(b) = 3*b + 35. What is m(-14)?
-7
Let w(h) = 2*h**2 - h + 7. Give w(4).
35
Let t(b) = b**2 + 9*b - 1. Give t(-10).
9
Let u(t) = t**2 + 11*t + 6. What is u(0)?
6
Let f(p) = p**3 - p**2 + p - 4. Give f(-3).
-43
Let y(h) = 3*h**2 - 9*h - 2. What is y(4)?
10
Let w(h) = h**3 - 9*h**2 + 9*h - 12. Give w(8).
-4
Let o(h) = -10*h - 3. Give o(-2).
17
Let u(a) = a**3 + 3*a**2 - 10*a + 6. Calculate u(-5).
6
Let l(v) = 12*v + 188. Calculate l(-10).
68
Let z(y) = -6*y**3 - 2*y + 2. Determine z(2).
-50
Let o(h) = -2*h + 1. What is o(7)?
-13
Let q(a) = -2*a**2 + 11*a - 4. What is q(7)?
-25
Let x(t) = t + 18. Determine x(-5).
13
Let j(v) = -v**2 + 8*v - 8. Determine j(5).
7
Let u(z) = -25*z**3 + 2*z - 1. What is u(1)?
-24
Let p(n) = 3*n - 32. Calculate p(12).
4
Let g(r) = -r**2 + 2*r + 4. Calc